 -256*n + 2150. Let h be t(8). What is the highest common factor of u and h?
102
Let a = -326 - -333. Suppose -3*w = -w - 518. Calculate the greatest common divisor of w and a.
7
Let x(c) = -552*c + 1920. Let n be x(3). What is the highest common factor of 2541 and n?
33
Let n(c) = c**3 + c + 230. Let s be n(0). Let d = 26 + s. Suppose 8*j - 4*j - d = 0. What is the highest common divisor of j and 8?
8
Suppose 2*i + 4 - 10 = 0. Suppose -x - i*p + 288 = p, 5 = -p. Let g be (17*28/238)/(5/70). Calculate the greatest common divisor of x and g.
28
Suppose -3*l + 2*u = -914, -4*l - 53*u + 1211 = -48*u. What is the greatest common factor of 1748 and l?
76
Let g = 48 - 46. Suppose -u - 33 = 5*r, g*u = 3*r - 38 + 11. Let k be (u/(-12) - (-354)/4) + -2. Calculate the greatest common factor of 22 and k.
22
Let u(g) = 2*g + 46. Suppose 4*p - 2*q = 68, -p + 0*q = -q - 15. Let z be u(p). Let f = -18 + z. Calculate the greatest common factor of f and 44.
22
Let x be (30/14)/(22/(442 + 20)). Calculate the highest common divisor of 1440 and x.
45
Suppose 14*l + 44 = 2. Let u be (l*2)/(33/(-154)). Calculate the greatest common factor of 40 and u.
4
Suppose 4*j + 3*i - 10 - 290 = 0, -5*j = 5*i - 385. What is the highest common divisor of j and 5267?
23
Let z = -8338 + 8450. What is the highest common divisor of 371 and z?
7
Suppose -8 = -26*f + 22*f + 2*j, -4*f = 2*j - 16. Calculate the greatest common factor of f and 327.
3
Let g(y) be the third derivative of -91*y**4/24 + 10*y**2. Let n be g(-2). Suppose d = n - 10. What is the greatest common divisor of 43 and d?
43
Suppose 5*k + 0 = 10. Suppose 0 = -4*t - k*h - 3*h + 577, t - 139 = -3*h. Let z = t + -76. Calculate the greatest common factor of z and 12.
12
Let y be (-8970)/(-25) + 11/55 - (7 - 2). What is the highest common divisor of 649 and y?
59
Suppose 3*d - 1090 = -i + 36, -2*d - i = -752. Let w = 384 - d. Let z be ((-4)/(-5))/((-1)/(-5)). What is the highest common divisor of w and z?
2
Let i(s) = -6*s - 18 + 4*s - 22 + 44. Let x be i(1). Suppose -x*r + 29 = u, -r = 5*u - 219 + 47. Calculate the highest common divisor of 7 and u.
7
Suppose v = -0*v + 13. Suppose 4*z - 21 + 1098 = 3*y, y + 3*z - 333 = 0. Calculate the greatest common factor of v and y.
13
Let v(i) = -i + 32. Let z = -107 + 136. Let x be v(z). What is the highest common divisor of x and 4?
1
Let o be 67 + (-16 - 19 - -20). What is the greatest common factor of o and 116?
4
Suppose -3*d + 10 = 2*d. Suppose 0 = d*c - z + 167, -3*c - 4*z = -2*c + 97. Let t = 90 + c. What is the highest common divisor of 2 and t?
1
Let c(i) = 3*i**3 - i**2. Let x be c(1). Suppose 3*t + x*t = 140. Let m = 530 - 460. Calculate the greatest common factor of t and m.
14
Let p be 6 + (-1)/6 + 6 - 5/6. What is the greatest common divisor of p and 17149?
11
Suppose -198 - 907 = 13*s. Let f = -76 - s. What is the highest common factor of f and 3?
3
Let t = 12139 + -12123. What is the greatest common divisor of t and 932?
4
Let j = -13 - -13. Suppose -2*d + 23 + 477 = j. What is the highest common divisor of 100 and d?
50
Let c(k) = 13*k**2 + 20*k - 42. Let y be c(-6). Calculate the greatest common divisor of y and 136.
34
Let d = 646 + -631. Let p be (-120)/(d/10 - 2). What is the highest common factor of 36 and p?
12
Let b(g) = -48*g**2 - g**3 - 3*g + 72*g**2 + 5*g + 20. Let t be b(11). Calculate the highest common factor of t and 85.
85
Let v = -98 + 188. Let n be 2/(-10) + (-1)/(-5). Suppose 5*i + 0*b - b = 45, 3*i - b - 25 = n. Calculate the highest common factor of i and v.
10
Let a = 106 - 57. Let f = a + 17. Suppose -2 = -k + 9. Calculate the greatest common divisor of k and f.
11
Let v be (-10048)/(-96) + (-1)/(-3). Suppose 3*m + 4*j = 54, -3*m + 3*j - 30 + v = 0. Calculate the highest common factor of 242 and m.
22
Suppose -351 = -4*v + 3*m, 201*v - 270 = 198*v + 3*m. What is the highest common divisor of 6642 and v?
81
Let w be 13/(12/(-14) + 1) + -1. Let f = 102 - w. Calculate the greatest common factor of 96 and f.
12
Let w(r) = r + 7. Let p be w(-19). Let f = p + 17. Suppose 5*g - 2*j - 1077 = 0, -3*g = -f*g - 5*j + 425. Calculate the highest common factor of 86 and g.
43
Let v be 6*(3 - (-2)/(-6)). Let l(g) = -g**3 - 6*g**2 - 7*g - 9. Let h be l(-5). Let m be 2*h*(1 - -1). What is the greatest common factor of m and v?
4
Let r(j) = 8*j + 428. Let h be r(-47). Let i be (-3 - -2)*0/(-6). Suppose 2*d - 52 = -i*d. What is the greatest common divisor of d and h?
26
Let k(w) = 4*w + 3*w - 12 - 6. Let s be (-17 + 279/18)*(2 - 4). Let z be k(s). What is the highest common divisor of 9 and z?
3
Let o be -1*(15/135 - 1378/9). Calculate the greatest common factor of o and 17.
17
Let i(c) = -c**3 - 4*c**2 - 4*c - 13. Suppose s + 4 = 1. Let l be i(s). Let b be (l/(-4))/5*150. Calculate the greatest common divisor of 30 and b.
15
Let w(g) = 41*g + 1888. Let b be w(-46). What is the greatest common factor of 11 and b?
1
Let x be ((-672)/(-30))/((-11)/(-55)). Calculate the greatest common factor of x and 7.
7
Let m = -7939 + 8128. Calculate the greatest common factor of 459 and m.
27
Suppose -28 - 4 = -16*q. Let h be 34 - (1 + 6 - q). What is the highest common factor of 29 and h?
29
Let l be 310 - -4*45/36. Calculate the highest common divisor of l and 175.
35
Let t = -23 + 33. Let g be (-48)/(-9) + ((-44)/(-12))/(-11). Suppose 15*j - 1000 = -g*j. Calculate the highest common divisor of j and t.
10
Suppose 0 = -8*n + 7*n, 12 = 2*d + 3*n. Let c be (14 - 4)*(4 + (-21)/d). Calculate the greatest common divisor of c and 80.
5
Let p = -43 - -44. Let w be (-8)/1 + 1/p. Let z = 0 - w. What is the greatest common divisor of 49 and z?
7
Let n = 84 + -51. Suppose 44*s = n*s + 8987. Calculate the greatest common factor of 19 and s.
19
Suppose 73*m = 86*m - 507. Let v = m - -161. Calculate the highest common factor of v and 500.
100
Let n(g) = -3*g - 119. Let s be n(-44). Let b = 32 - 6. Calculate the highest common factor of b and s.
13
Suppose 119*z - 121*z - 3*x = -57, -4*z + 116 = 4*x. Let v(q) = 17*q**3 + 12*q**2 - 40*q + 3. Let n be v(3). What is the greatest common factor of z and n?
30
Suppose -3*m = -2*o - 89 + 4, -5*m + o + 137 = 0. Suppose -14 = -46*q + 45*q + 2*l, 0 = 3*q + 5*l - 64. Calculate the highest common divisor of m and q.
9
Let d be 0 + 6/(-10) + 529/115. Let j = 348 - 165. Suppose -d*u + j = 15. What is the highest common factor of 28 and u?
14
Let w be (-170)/(-4) + 2/4. Suppose 326*s - 1681 = 367*s. Let b = w + s. What is the greatest common divisor of b and 4?
2
Let h = -103 + 22. Let m = -9538 - h. Let v be 4 - (m/28 - (-2)/(-8)). What is the greatest common factor of v and 38?
38
Let y be 8 - 4/(-6)*-9. Let g(j) = j + 15. Let l be g(-10). What is the highest common divisor of y and l?
1
Suppose 8*d = 773 + 531. Let k = -135 + d. Calculate the highest common factor of 252 and k.
28
Let l = -1849 - -2044. What is the highest common factor of l and 135?
15
Suppose -27*f + 2*f - 18175 = 0. Let c = f - -947. Calculate the highest common factor of c and 60.
20
Let q be 2 + (-24)/(-3) + -2. Let p(z) = -5*z + 3*z**2 + 12*z - 7 + 6*z**2 + 14 + z**3. Let l be p(-7). Calculate the highest common factor of q and l.
8
Let f be (2382/(-14) - -13)/(-3 + (-20)/(-7)). What is the greatest common divisor of f and 1600?
100
Suppose -94 = -2*t + 6. Suppose 2*y - 2*w = y + t, -3*w - 96 = -2*y. Calculate the greatest common divisor of y and 49.
7
Let t be 0 - (3 + (-5)/5). Let x be 68/((1 - -2)*t/(-6)). Let n = 73 - x. What is the highest common divisor of n and 1?
1
Suppose 0 = 3*y - o - 226, 3*o - 5 = 8*o. Suppose -3*r + 0*j + 175 = -5*j, 2*r - y = -5*j. Calculate the highest common factor of r and 1000.
50
Let l = -16 - 16. Let s = -833 + 890. Let m = s + l. What is the highest common divisor of 100 and m?
25
Suppose 3*h + 9*h - 432 = 0. Let l(w) = -30*w + 29*w + 28*w. Let n be l(1). What is the highest common divisor of h and n?
9
Let u(h) = 26*h + 4. Let n be u(3). Suppose 1004*b - 30217 = 267*b. Calculate the greatest common divisor of b and n.
41
Let g(f) = -18*f + 588. Let o be g(-22). What is the highest common factor of o and 32?
8
Let l(a) = -114*a - 3124. Let r be l(-28). What is the highest common divisor of r and 765?
17
Let y(g) = -g**3 - 30*g**2 + 28*